(5) is divided by g.
2
Let l(j) = -9*j - 162. What is the remainder when l(-19) is divided by 3?
0
Suppose 0 = -4*b + r + 179, -r - 1 = 2. Calculate the remainder when 218 is divided by b.
42
Let o = -27 + 31. Suppose -12 = -c - o*k, 4*k = -3*c - 0*k + 28. Let n = -50 + 70. Calculate the remainder when n is divided by c.
4
Let s = 29 + -18. Suppose s - 26 = -a. What is the remainder when a is divided by 7?
1
Suppose -2*z = 8 + 8. Let t = -1 - z. What is the remainder when t is divided by -1*(-13 - -1)/3?
3
Let k(j) = 11*j - 22. Let o be k(6). Suppose -35 = 49*m - o*m. What is the remainder when ((-2)/(-4))/(m/(-238)) is divided by 5?
2
Suppose 3*c + c = 500. Let w = c - 84. Let g = -23 + w. Calculate the remainder when 51 is divided by g.
15
Suppose -9 = -3*l + 87. What is the remainder when (-6)/(-4)*(-244)/(-6) is divided by l?
29
Let k = 12 - 7. Suppose -5*s = 5*z - 50, -5*s = -k*z + 3*z + 34. Calculate the remainder when 43 - (3 + -1)*-1 is divided by z.
9
Suppose 3*z + 12 = -9. Calculate the remainder when 4/14 + ((-61)/z - -1) is divided by (3 - 1) + 4/1.
4
Calculate the remainder when 1677 is divided by (-6 + 6)*(-6)/12 - -140.
137
Let g(h) = -h**2 - 26*h + 384. Calculate the remainder when 205 is divided by g(-35).
67
Let f(d) = -d**3 + 12*d**2 - 9*d + 19. Calculate the remainder when 286 is divided by f(11).
40
Let t(c) be the first derivative of c**4/4 + 5*c**3/3 + 2*c**2 + c - 18. What is the remainder when t(-4) is divided by 1?
0
Let i(d) = 3*d**3 + 5*d**2 - 5*d + 9. Let n be i(3). Suppose 0 = -8*h + 4*h + n. Calculate the remainder when h is divided by 11.
8
Suppose -10*s = 2*s - 1080. What is the remainder when 179 is divided by s?
89
Let j(f) = f**2 - 2*f + 9. Suppose 4*p = -5*k + 62, -5*k = -15*p + 11*p + 82. Calculate the remainder when j(6) is divided by p.
15
Suppose 3 + 7 = f. Let j = f + -46. What is the remainder when 109 is divided by 12/j*(-85 - -1)?
25
Let f be 4/10 + 23/5. Suppose -z - 13 = f. Let b = z - -28. What is the remainder when 38 is divided by b?
8
Suppose 580*b - 583*b = -1086. What is the remainder when b is divided by 5?
2
Let t(s) = s**2 + 14*s + 21. Let d be t(-14). Suppose 4*j - d + 9 = 0. Let h = -14 - -22. Calculate the remainder when h is divided by j.
2
Let h(q) = q - 8. Let d(g) = -2*g + 7. Let x(n) = 4*d(n) + 5*h(n). Calculate the remainder when ((-6)/(-10))/(3/15) is divided by x(-5).
0
Suppose -209*d - 15 = -210*d. Calculate the remainder when 134 is divided by d.
14
Let d = 47 + 38. Suppose d = -2*m + 7*m. Let x(n) = -7*n - 4. Calculate the remainder when x(-5) is divided by m.
14
Let a be 204/3 - (1 + 2). Suppose 0 = -i - 4*y - y - 17, -5*i + 5*y = -a. Let q(o) = o**2 + 2. Calculate the remainder when q(i) is divided by 17.
15
Suppose 2*v - 68 = -2*v - 3*k, 0 = 4*v - 2*k - 68. Let c = -12 + v. What is the remainder when 62 is divided by (4 - c)/(3/(-48))?
14
Calculate the remainder when 22 is divided by -6 + 2 - (7 + -12).
0
Let n = -22 - -10. Let c = n + 54. Calculate the remainder when c is divided by 204/9 + 4/(-6).
20
Let g(h) = 20 + 9 + 5 - h. Let f be g(0). Suppose -5*k = -j + f, 3*k - 44 = -2*j + k. Calculate the remainder when 45 is divided by j.
21
Let o = -831 + 1020. Calculate the remainder when o is divided by 6.
3
Let k be 1/(-4) - (-1)/4. Suppose k = -j + 7 - 5. Suppose 3*m = 1 + 11. What is the remainder when m is divided by j?
0
Suppose -68*i - 721 = -7113. What is the remainder when i is divided by 7?
3
Let s = -172 - -231. What is the remainder when s is divided by 13?
7
Let z = -69 - -99. Calculate the remainder when 52 is divided by z.
22
Suppose -15 = 3*q + 2*q. Let a = q - -6. What is the remainder when 173/a - 4/6 is divided by 20?
17
Let j(k) = -119*k - 386. Calculate the remainder when j(-12) is divided by 87.
85
Suppose 3*i - 3*v = 93, 4 = -v - 0*v. Calculate the remainder when 36 is divided by i.
9
What is the remainder when ((-20)/(-19))/(-10) - (-781)/19 is divided by 14?
13
Suppose 3*d = 12, -d + 7 = -i + d. Let v = i - -6. Calculate the remainder when v is divided by 3.
1
Let z = 357 - 167. Let a = z + -133. Suppose -5*f + a = -2*f. Calculate the remainder when 37 is divided by f.
18
Suppose 18*s + 5 = 13*s. Calculate the remainder when 82 is divided by (-1)/((-1)/(-17)*s).
14
Suppose 2*w - 1015 = 3*j, -w - 44 = -3*j - 559. Calculate the remainder when w is divided by 56.
52
Let t be (-4 + -3)/(3/(-21)). Calculate the remainder when t + -1 + 4/(-2) is divided by 12.
10
Let l = 8 + -2. Calculate the remainder when (-312)/(-28) + 5 - 3/21 is divided by l.
4
Suppose 26 = -l + 31. Calculate the remainder when 9 is divided by l.
4
Suppose -4*n + y + 338 = 0, -n + 433 = 4*n + 4*y. What is the remainder when n is divided by 8?
5
Suppose 16*m - 5*m = 451. What is the remainder when m is divided by 8?
1
Let b(y) = y**3 - 3*y**2 - 7*y - 2. Let z be b(5). Let n(i) = -3*i - 17. Let d be n(-4). Let f = d + z. What is the remainder when 21 is divided by f?
5
Let p = 123 + -125. Calculate the remainder when (5 - 6 - (-55)/1) + p is divided by 17.
1
Suppose -56 = -23*n + 21*n. Calculate the remainder when 103 is divided by n.
19
Let q be ((-126)/(-35))/(4/30). Suppose z + 3*n = q, -3*z + 5*z = -n + 34. Let j = -4 + z. Calculate the remainder when 43 is divided by j.
10
Suppose -25 - 47 = 2*i. Let o = i - -58. What is the remainder when 86 is divided by o?
20
Suppose 3*x + 25 = 8*x. Suppose 5*v - 44 = 2*y, y = -3*v + 2*y + 27. Let l = -8 + v. Calculate the remainder when x is divided by l.
1
Suppose -4*v + 109 = 5*o, o - 5*o - 85 = -5*v. What is the remainder when 644 is divided by v?
14
What is the remainder when (-772)/(-5) - 69/(-115) is divided by (-77)/(-3) - (-3)/9?
25
Suppose 2*a = 6*a. Suppose 3*c - 4 - 5 = a. Suppose -2*z - 90 = -2*j + c*z, -5*z - 20 = 0. Calculate the remainder when j is divided by 19.
16
Let g(z) = -5*z + 15. Suppose 4*x = -16 - 4. Let k be (1 - x/(-2))*6. Calculate the remainder when g(k) is divided by 21.
18
Let s(c) = -c + 12. Let r be s(12). Suppose r = -0*q - 5*q - 30. What is the remainder when (-16)/(-2 - q) - -51 is divided by 16?
15
Suppose 19 = 4*x - 61. Let c be 0/(4*(-1)/(-2)). Suppose -5*p + 210 - x = c. Calculate the remainder when p is divided by 14.
10
What is the remainder when 95 is divided by 36/((-2)/(-2)) + (19 - 22)?
29
Let x(k) = k**2 + 11*k - 8. Let p be x(-12). Let h(c) = 5*c**3 - c + 14. What is the remainder when h(0) is divided by (p - 0)*(-5 + 6)?
2
Suppose 4*t = 4*u - 4, u + 3*u - 5*t = 5. Let p(i) = i**3 - i**2 + 3*i + 63. Calculate the remainder when p(u) is divided by (-1 + -1 - -1)*-33.
30
Suppose 41 + 197 = 2*v. Let m = 226 - v. Suppose 0 = 4*d - 93 - m. What is the remainder when d is divided by 26?
24
Let t(b) = -2*b**3 + 15*b**2 + 13*b + 18. Calculate the remainder when t(8) is divided by 47.
11
Suppose 13*v = 6550 - 1194. What is the remainder when v is divided by 6?
4
Let c = -24 + 24. Suppose c = -3*p - 14 + 140. What is the remainder when p is divided by 15?
12
Suppose -677 = 3*o + b - 190, 4*o + 676 = 4*b. Let x = -89 - o. What is the remainder when x is divided by 38?
37
Let j = 139 + -139. Suppose j = -3*g + 38 + 16. What is the remainder when 67 is divided by g?
13
Let h(v) = 10*v**2 + 40*v - 75. Let g(q) = 7*q**2 + 27*q - 50. Let l(b) = 7*g(b) - 5*h(b). Calculate the remainder when 50 is divided by l(-12).
11
Let n = 14 + -9. Suppose n*f - 35 = -85. Let w = -7 - f. What is the remainder when 9 is divided by w?
0
Let f(m) = m**3 + 15*m**2 + 8*m - 10. Let q be f(-14). Let l = 136 - q. Let k = -36 + l. Calculate the remainder when k is divided by 10.
6
Let r = -37 - -49. What is the remainder when -3 + 4/(r/147) is divided by 16?
14
Let l(d) = -23*d - 35. Calculate the remainder when 101 is divided by l(-3).
33
Let o = 211 - 158. Calculate the remainder when 104 is divided by o.
51
Suppose 3 = y + 4, 5*y - 47 = -4*w. Calculate the remainder when 129 is divided by w.
12
Let o = 28 - 10. Let l = o - 7. Let f = l + 0. Calculate the remainder when 52 is divided by f.
8
Suppose 0 = -6*z - 416 - 394. What is the remainder when -2*z/(-6)*-3 is divided by 34?
33
Let g = -86 + 203. Let s = -94 + g. Calculate the remainder when 58 is divided by s.
12
Suppose -2*l + 3*h = 0, 0 = 2*l - h - 5 + 1. Let x be (5/l)/((